 Let a be y(-9). Calculate the greatest common divisor of 3 and a.
1
Let c be (-29)/(-5) - 3/(-15). Suppose g - 3 = -v, 5*v - 3 = -g + c*v. Suppose 3*o = -g*o + 1176. What is the greatest common factor of o and 28?
28
Let r = 4191 + -4031. Calculate the greatest common divisor of 310 and r.
10
Suppose 2*w = -189*d + 192*d + 3093, -4627 = -3*w + 2*d. What is the highest common divisor of 57 and w?
57
Let l(v) = 34*v**2 + 9*v + 47. Let s be l(-4). Let f = -355 + s. Calculate the greatest common divisor of 75 and f.
25
Let x(y) = 16*y + 12. Let n be x(-5). Let k be -1 - 4*n*1. Suppose 5*j = -s + k, -60 - 159 = -4*j - 3*s. Calculate the highest common factor of j and 135.
27
Suppose 4*l = 3*w + 33, -4*w - 7 = 5. Suppose 69 - 659 = -5*h. Let y = h - 116. Calculate the greatest common factor of l and y.
2
Suppose -45*a + 28038 = -19482. Calculate the greatest common divisor of a and 165.
33
Suppose 67*d = 3*d + 2173824. Calculate the greatest common divisor of d and 37.
37
Let c be 4 + ((-44)/(-198) - 302/(-18)). Suppose 3*v - 3 = -3*y, 3*y + 4 = -4*v + 3. Suppose y*p - 252 = p. Calculate the highest common factor of c and p.
21
Suppose -s - 4*p - 3 = 0, -23*p = 5*s - 19*p - 33. Suppose -4*u - 26 - 26 = 0. Let i = u + 28. Calculate the greatest common factor of i and s.
3
Let u = -23296 - -24016. Calculate the highest common divisor of 330 and u.
30
Let x(v) = 21*v**2 - 15*v**2 - 5*v**3 - 6*v**2. Let g be x(-1). Suppose -45*j + 86*j = 205. What is the highest common factor of g and j?
5
Let r(g) = 52*g**2 + 43*g - 183. Let m be r(5). Let x(f) = 7*f**2 + 10*f + 3. Let q be x(-3). What is the highest common divisor of m and q?
36
Let j = -365 - -705. Let k be 40/j - 270/(-17). Calculate the greatest common divisor of k and 16.
16
Suppose -36*g + 665 = -29*g. Let y be (-5 - 0 - 0) + g. What is the highest common factor of 54 and y?
18
Let y = 153120 + -60622. Calculate the greatest common divisor of y and 14.
14
Let r(k) = 8*k - 232. Let g be r(29). Suppose 5*p = 4*d + 8*p - 537, -4*d - 4*p + 536 = g. Calculate the highest common divisor of d and 15.
15
Let g be 302108/48 + -4 - (-30)/360. Calculate the highest common factor of 170 and g.
170
Let u = 20 - 11. Suppose i + 25 + 384 = 3*k, 3*k - 2*i = 413. Suppose -3*z - 9*v = -10*v - k, 0 = -5*v. What is the greatest common factor of z and u?
9
Let q = 258 - 189. Suppose 9*w + q = 654. Let m be -650*-2*(-2)/(-8). What is the greatest common factor of w and m?
65
Suppose -72*a + 686 = -23*a. Suppose 3*i = -2*y + 69, 5 = i - 2*i. What is the highest common factor of a and y?
14
Let x(o) = -4*o**3 - 32*o**2 - 5*o - 28. Let a be x(-8). What is the greatest common divisor of 6918 and a?
6
Let g be 817878/5533 - 2/(-11). What is the greatest common divisor of g and 11581?
37
Let m be (-3)/(96/(-436)) + 10/(-16) + 1. Suppose 0 = -y + 81 + 82. Suppose -m*n + y = -215. What is the greatest common factor of n and 81?
27
Let x = -106 - -109. Suppose -1 = -v + 3*b, -3*b + 4 = v + x. Let m be (-1)/((v/(-15))/((-12)/(-9))). What is the highest common divisor of 8 and m?
4
Suppose s + 3*w + 119 + 276 = 0, 5*s - w + 1959 = 0. Let g = s + 410. Calculate the greatest common divisor of 222 and g.
6
Let u = 89 + -35. Suppose -u*r + 3607 = -173. Calculate the highest common divisor of r and 245.
35
Let j = 270 - 159. Let w = j + -107. Let s(v) = 2*v + 3. Let o be s(w). What is the highest common factor of o and 22?
11
Let z be (2 - 203) + (15 - 17). Let m = 208 + z. Calculate the greatest common divisor of 55 and m.
5
Let l(b) = -4*b - 197. Let x be l(-43). Let d = -18 - -8. Let g be (-160)/x + (-6)/d. Calculate the highest common factor of g and 63.
7
Let r be ((-72)/(-7))/(96/448). Suppose -112 = -x + 4*t, t = -0*x - 2*x + 260. Calculate the highest common divisor of r and x.
16
Let l = -23 - 53. Let o = l + 89. Let v(x) = -2*x**3 + 34*x**2 + 4*x - 16. Let k be v(17). Calculate the highest common factor of o and k.
13
Suppose 5*o + 4*d = 220, 0*d + 149 = 3*o - d. Let u(f) = -f**3 + f**2 + 64*f + 104. Let m be u(-8). Calculate the greatest common factor of o and m.
24
Suppose 28*b - 3189 - 1792 - 2299 = 0. What is the greatest common divisor of 1456 and b?
52
Let g = -7444 + 8027. Calculate the highest common factor of 88 and g.
11
Let g = -3153 - -3349. What is the greatest common factor of 4361 and g?
49
Let v(o) = o**2 + 5*o - 26. Let h be v(-11). Suppose 7*i - 9 - h = 0. Suppose i*g = 135 + 404. Calculate the greatest common divisor of 7 and g.
7
Let x = -6789 - -6989. Calculate the greatest common factor of x and 1040.
40
Suppose -5*y - 45 = -50. Let i be (6 - 2)/(0/(-2) + y). Suppose 0 = 3*f - 3*t - 156, -i*t + 46 - 160 = -2*f. Calculate the highest common divisor of f and 235.
47
Let w(j) = -25*j + 143. Let a be w(-21). What is the greatest common factor of 8 and a?
4
Suppose -131 = -2*x - 5*d, 4*d + 77 + 62 = 3*x. Suppose 0 = -7*q - x + 578. What is the highest common factor of q and 6?
3
Let x(s) = s**3 + 28*s**2 + 26*s - 24. Let f be x(-27). Suppose 180 = -f*z - 600. Let b be (-440)/(-13) - 40/z. Calculate the highest common factor of 17 and b.
17
Suppose 56*y + 1377012 = 250*y. What is the greatest common divisor of y and 42?
42
Suppose -58*r = -62*r - 4*p + 19428, r - 4841 = -3*p. Calculate the greatest common divisor of 105 and r.
35
Let j(n) = -2*n - 7. Let d be j(10). Let f be 16*d/24*-4. Suppose -17 - 19 = -2*g. Calculate the highest common factor of f and g.
18
Suppose 3917 = 34*k - 25045 - 10750. Calculate the highest common factor of k and 16.
16
Let n(g) = -g**3 - 34*g**2 - 60*g + 134. Let x be n(-32). What is the highest common divisor of x and 618?
6
Suppose 5*o + 0*o = -3*h + 88, 0 = h - o - 16. Suppose -10 = 2*p - 2, -2*p = -3*y + 59. Let t = -14 + y. Calculate the greatest common factor of t and h.
3
Let d(a) = -16*a**3 - a**2 + 60*a + 321. Let x be d(-6). What is the highest common divisor of 69 and x?
69
Suppose -x - 4*b = -8, -4*x - 2*b + 73 = -57. What is the highest common divisor of x and 2472?
12
Let o(j) = 27*j + 4. Let f be o(-1). Let k = -11 - f. Let m(q) = 14*q - 8. Let n be m(k). What is the highest common divisor of 20 and n?
20
Suppose 99*w - 4031 = -40*w. Calculate the greatest common divisor of 1 and w.
1
Let k = 49 + -29. Suppose -5*t + 39 + 11 = -5*v, t - 12 = 2*v. Suppose 9*q - 4 = t*q. Calculate the greatest common factor of k and q.
4
Suppose -344*j + 127400 = -274*j. Calculate the highest common divisor of 56 and j.
28
Let j be 4 - ((-111924)/66 + ((-35)/11 - -3)). Calculate the highest common factor of j and 136.
68
Let k(s) = -s**3 - 19*s**2 - 89*s - 566. Let v be k(-16). What is the greatest common factor of v and 1510?
10
Let d(m) = m + 15. Let p be d(7). Let q = 36 - p. Suppose -289 = -7*z + 201. Calculate the greatest common factor of q and z.
14
Suppose -116 = -11*n + 478. Calculate the highest common factor of 12 and n.
6
Let b be (-3388)/3*(18/(-20))/((-489)/(-815)). What is the greatest common divisor of b and 1210?
242
Suppose 0 = -c + 2*l + 1957, 4*l + 11200 = 5*c + 1421. Calculate the highest common factor of 170 and c.
85
Suppose -59*b + 57*b + 288 = 4*d, 630 = 5*b - 5*d. What is the highest common divisor of 836 and b?
44
Suppose -5*u + 3 = -22. Suppose -16 = -4*i, u*i - i - 260 = 4*f. Let l = f + 129. What is the greatest common factor of l and 51?
17
Let z = -14180 + 14196. Calculate the highest common divisor of z and 13184.
16
Let y be ((-5)/10)/((-5)/(-1760)*-4). What is the greatest common divisor of 3344 and y?
44
Suppose -7630 = -7*q - 6*q - 22*q. Calculate the highest common divisor of 26 and q.
2
Suppose -11350*y = -11361*y + 1364. Suppose 0*d = 2*d - 186. What is the highest common factor of d and y?
31
Let y(n) = 324*n - 837. Let a be y(4). What is the highest common factor of a and 85?
17
Suppose -2*m = -p - 559, -4*m - m + 1405 = -p. Let n = m - 246. What is the greatest common factor of n and 126?
18
Suppose 0 = -n + 2*u + 8142, -4*n - 40746 = -9*n - 2*u. Calculate the greatest common factor of n and 84.
84
Let c = -3206 + 19910. Calculate the greatest common factor of c and 16.
16
Suppose a + 3 - 2 = 0, 4*a + 85 = 3*z. Suppose -z*x + 36 = -25*x. Let r(c) = 8*c + 238. Let s be r(-5). What is the greatest common factor of x and s?
18
Suppose 16